11600a9 (base 11) to base 15
-29da52
What is -8a240 (base 16) in base 10?
-565824
-934576 (base 10) to base 13
-269506
Convert -1978968 (base 10) to base 12.
-7b52a0
What is 43155056 (base 8) in base 2?
100011001101101000101110
What is -101010000001100001 (base 2) in base 10?
-172129
Convert 1001333040 (base 5) to base 13.
544541
Convert 13101 (base 6) to base 7.
5530
What is 310052100 (base 6) in base 12?
194a030
Convert -122233310110 (base 4) to base 11.
-3a59a16
Convert 58834 (base 12) to base 6.
2313304
What is 11030223310 (base 4) in base 14?
276860
What is -100200102000210 (base 3) in base 5?
-2304122203
326301 (base 7) to base 14
16d01
-63666264 (base 7) to base 16
-529347
3224001 (base 5) to base 12
27910
221220120011 (base 3) to base 14
d3bd2
Convert 27b67a5 (base 12) to base 16.
795bed
2310030000 (base 4) to base 8
2641400
3323432 (base 7) to base 14
a92c2
-1002222011201 (base 3) to base 2
-10010000000001000000
Convert 100010101001011 (base 2) to base 14.
6671
Convert 46b2e7 (base 16) to base 13.
c62c12
What is -113201104 (base 5) in base 14?
-d835b
What is 11110100001111100 (base 2) in base 8?
364174
What is 14084a8 (base 12) in base 8?
17174300
What is 9885006 (base 10) in base 7?
150010155
What is 2ac325 (base 13) in base 7?
11653042
Convert -171dda (base 15) to base 8.
-4213777
What is -8dbcc (base 14) in base 5?
-42022321
Convert -1101100011110011011000 (base 2) to base 5.
-1402221040
What is -90b518 (base 12) in base 16?
-227924
37177324 (base 8) to base 10
8191700
Convert -476002 (base 8) to base 13.
-59156
What is -174713 (base 9) in base 3?
-12111210110
What is 42115 (base 11) in base 14?
18511
Convert -2011122111 (base 3) to base 4.
-22130002
266688 (base 13) to base 2
11100010101000000100
Convert 1112333230 (base 4) to base 13.
c6262
Convert 1210349 (base 15) to base 7.
215110266
What is 9679 (base 10) in base 6?
112451
Convert -5853078 (base 9) to base 3.
-12221210002122
Convert -1322023 (base 5) to base 9.
-40328
Convert -52b000 (base 13) to base 15.
-284239
3210404113 (base 5) to base 15
8ce908
Convert -1000001010111101010 (base 2) to base 9.
-447254
11666a4 (base 11) to base 10
2029284
Convert -30007 (base 10) to base 11.
-205aa
102002213212 (base 4) to base 11
2740230
8a47 (base 13) to base 3
222111202
What is 2413a9 (base 11) in base 15?
784d9
Convert 1140340 (base 8) to base 13.
aba41
What is -358294 (base 10) in base 9?
-605434
Convert -2ddf08 (base 16) to base 5.
-1232144331
What is 3017a (base 15) in base 9?
251717
What is -570a07 (base 11) in base 7?
-10504012
22ac9 (base 15) to base 11
75a7a
What is 100100100000100101000 (base 2) in base 6?
41350320
b3223 (base 14) to base 7
3444143
Convert -14c48 (base 14) to base 7.
-304021
Convert -1001011101111001 (base 2) to base 13.
-1485b
-133503 (base 9) to base 15
-1916c
What is -480623 (base 9) in base 15?
-5aa46
336d2a (base 15) to base 16
256edf
Convert 42ec06 (base 16) to base 3.
22020211011222
-631116 (base 7) to base 13
-3a494
-2d8e5 (base 15) to base 2
-100011111011000100
What is -41605122 (base 7) in base 10?
-3514443
-53b46 (base 16) to base 4
-1103231012
-6400048 (base 9) to base 15
-479bab
-9a8aa4 (base 15) to base 8
-34072455
What is -101000111000111111110 (base 2) in base 5?
-320334102
-432243 (base 9) to base 6
-5304150
6aa55 (base 11) to base 15
20536
Convert 1556630 (base 7) to base 10.
216062
11010011001000001001 (base 2) to base 8
3231011
What is 1302100404 (base 5) in base 8?
14032667
What is -2d137 (base 15) in base 5?
-14123102
Convert 3bb5879 (base 12) to base 11.
681055a
Convert -1110011010001110111101 (base 2) to base 8.
-16321675
Convert 10001111101101 (base 2) to base 8.
21755
-7421d8 (base 14) to base 11
-2240431
What is 1210002 (base 4) in base 14?
2494
2ce29 (base 16) to base 8
547051
-6287 (base 9) to base 12
-2807
20a5a89 (base 13) to base 4
211331230100
Convert -32232612 (base 7) to base 9.
-5147156
Convert -12023300 (base 5) to base 4.
-123013203
Convert -495977 (base 13) to base 15.
-249e35
Convert 130030003 (base 5) to base 13.
18c445
What is 514144 (base 6) in base 10?
41104
5740a0 (base 11) to base 3
1201101122100
Convert -53100345 (base 7) to base 14.
-84b625
Convert -312302300311 (base 4) to base 15.
-13dada1
What is -20031213 (base 5) in base 12?
-77744
Convert -4324004 (base 6) to base 9.
-354664
Convert 22b9432 (base 12) to base 10.
6713894
Convert c0701 (base 13) to base 6.
11212112
-7444054 (base 8) to base 16
-1e482c
What is 2818a1 (base 13) in base 9?
1745100
Convert -825834 (base 9) to base 3.
-220212221011
Convert 1455415 (base 6) to base 11.
59245
Convert 112444320 (base 5) to base 13.
1508a5
Convert -a8717 (base 11) to base 6.
-3215043
48740a1 (base 11) to base 15
b2854e
What is -2481a3 (base 11) in base 4?
-1133211330
80016 (base 14) to base 9
517537
What is 33b85 (base 12) in base 10?
69077
What is 1b973 (base 15) in base 11?
61592
-12212033301 (base 4) to base 6
-101023013
What is -8d8cd (base 16) in base 8?
-2154315
What is -100000100111100010 (base 2) in base 16?
-209e2
What is 10100000000000101111100 (base 2) in base 6?
304214204
What is 1063660 (base 7) in base 14?
368a0
What is -1228537 (base 11) in base 14?
-3d7ad8
What is -1520405 (base 6) in base 14?
-24257
Convert -577662 (base 8) to base 9.
-328526
What is 667c29 (base 13) in base 11?
1400669
Convert 1367481 (base 10) to base 8.
5156671
What is -267941 (base 10) in base 13?
-94c5b
What is -114544350 (base 6) in base 9?
-4108733
Convert 49752 (base 13) to base 9.
225486
Convert -3010413 (base 5) to base 9.
-72267
250018 (base 9) to base 4
210312020
Convert -14612230 (base 7) to base 8.
-5252653
Convert -21130 (base 8) to base 9.
-13048
-3c0608 (base 15) to base 14
-552171
-342848 (base 13) to base 10
-1233929
-5800766 (base 9) to base 12
-106b580
1205e (base 16) to base 8
220136
-64688 (base 11) to base 2
-10110111100101000
Convert 333239 (base 11) to base 2.
10000001101110011001
What is -82612 (base 10) in base 6?
-1434244
-1404110241 (base 5) to base 10
-3581946
1553424 (base 6) to base 12
45874
Convert -62b35d (base 14) to base 7.
-40225646
-26643110 (base 7) to base 16
-259aff
What is -346505 (base 10) in base 9?
-577275
-162363 (base 9) to base 12
-49b79
What is -a0a4 (base 14) in base 12?
-13b68
Convert c1634 (base 13) to base 2.
1010100011110000010
4642ba (base 13) to base 2
110010110101100011001
Convert 6179101 (base 10) to base 15.
820ca1
What is -96175 (base 10) in base 9?
-155831
-203154 (base 6) to base 12
-94ba
-11221011210022 (base 3) to base 11
-1530498
What is 48a041 (base 11) in base 5?
144242222
What is 5281340 (base 9) in base 7?
33021141
What is -42294 (base 10) in base 6?
-523450
-74864 (base 9) to base 4
-30012031
What is -506026 (base 8) in base 2?
-101000110000010110
1304040 (base 6) to base 13
26349
Convert 58047 (base 9) to base 16.
9718
Convert 20d944a (base 14) to base 9.
32282234
What is -11000122212000 (base 3) in base 5?
-1021420103
Convert -671a8 (base 13) to base 9.
-314525
What is -201010211210210 (base 3) in base 13?
-2152578
Convert -83b2b (base 12) to base 8.
-521223
-55442254 (base 6) to base 5
-411413121
Convert -12304210 (base 5) to base 8.
-351011
Convert 10120000120200 (base 3) to base 9.
3500520
What is 386b9 (base 14) in base 3?
21001001002
Convert 1426 (base 11) to base 6.
12311
Convert 110101110000111110001000 (base 2) to base 11.
7a57214
Convert 121302311 (base 4) to base 11.
72419
Convert 1111111220210 (base 3) to base 12.
3255b6
What is 1414223114 (base 6) in base 13?
3770c98
Convert 120000020221212 (base 3) to base 2.
11110011011011011101111
-6600754 (base 9) to base 13
-970ba3
What is -597cd3 (base 16) in base 15?
-7aca24
Convert -341287 (base 10) to base 13.
-bc45b
Convert 30c211 (base 13) to base 9.
2127537
220012000 (base 3) to base 8
42337
What is -1321303201 (base 4) in base 5?
-111431123
What is 101115 (base 10) in base 5?
11213430
What is 1a019b5 (base 12) in base 16?
539459
Convert -1111010001100010 (base 2) to base 8.
-172142
What is 5576c4 (base 14) in base 16?
2c46fc
What is 6861 (base 15) in base 10?
22141
4253254 (base 6) to base 15
420aa
What is -7365376 (base 8) in base 7?
-22444222
What is 1066 (base 14) in base 6?
21042
What is -dc39 (base 14) in base 12?
-1a04b
-65755 (base 8) to base 